*y**2 - 524*y. Let w be u(-1). What is the greatest common divisor of w and 20817?
81
Suppose 992 = -6*y - 2422. Let v = -400 - y. What is the greatest common factor of 52 and v?
13
Suppose 3*j + d - 358 = -194, -3*j + 228 = -3*d. Let c(s) = 45*s**2. Let w be c(-1). Calculate the highest common divisor of j and w.
15
Let x be 12/(-9)*(-9)/6. Suppose 0*o + 3*w = -3*o + 36, x*o - 20 = -3*w. Suppose 0*i - 9*i = -36. Calculate the highest common factor of i and o.
4
Suppose 4*o - 127 = 201. Let n = 86 - o. Suppose 5*s - 4*t - 52 = 0, -4*s + 2 = t - 48. What is the highest common factor of n and s?
4
Suppose -199 = 2*y - 64*y + 173. What is the greatest common factor of 318 and y?
6
Suppose 15*t + 10643 - 49643 = 0. Calculate the greatest common divisor of t and 78.
26
Let j be (3/9 + 14/21)*0. Suppose j*v = v - 68. Let p = 32 - 15. Calculate the highest common divisor of v and p.
17
Suppose -5*b + 3*b = -13*b + 308. Let s be (135/36)/((-1)/(-36)). Let d = -93 + s. Calculate the highest common divisor of d and b.
14
Suppose 2*n + 1628 = 107*r - 105*r, -3*n = -r + 822. Calculate the greatest common factor of r and 6.
6
Suppose 40*w + 9 - 969 = 0. What is the greatest common divisor of 292 and w?
4
Let n be (-33)/33 - 6*(-192)/18. Calculate the greatest common divisor of 81 and n.
9
Suppose -7*h = -31*h - 4776. Let w = h + 298. Suppose m - 3*m + 21 = x, 4*m - 49 = 5*x. Calculate the highest common factor of m and w.
11
Let r(i) = 2*i**3 + i**2 - 3*i. Let z be r(3). Let p = -35 - -21. Let v = p + z. Calculate the highest common divisor of 5 and v.
5
Suppose 112*x = 439 + 2697. Let a be (-1)/3 + (-589)/(-3). What is the highest common factor of x and a?
28
Suppose 36 - 58 = 2*c, 0 = j - 2*c + 3*c - 286. Suppose 4*m = -0*u - 2*u + 130, 0 = -m + 5. What is the highest common factor of j and u?
11
Let g be 19 - (9/(-3))/((-6)/14). Let m be (1 + 2)*(-84)/(-9). What is the greatest common divisor of g and m?
4
Let b = 4554 - 4476. Calculate the highest common factor of 1644 and b.
6
Suppose 5*s - 22801 = -8206. What is the greatest common divisor of s and 63?
21
Let d = -20353 + 21090. What is the highest common factor of d and 319?
11
Let a(h) = h + 2. Let n be a(9). Let o(w) = 6*w - 89. Let x be o(13). Let r be (-3 + -4)*x*(5 + -4). What is the greatest common factor of r and n?
11
Suppose -16*i + 14*i = 2*l - 110, 275 = 5*l - 5*i. Calculate the highest common factor of l and 1177.
11
Suppose -6*p - a = -2*p + 37, 8 = -2*p - 4*a. Let y be (-17714)/(-85) + (-6)/p. What is the highest common factor of 57 and y?
19
Suppose -3*k - 4*t = -2*k - 262, -4*k + 5*t + 943 = 0. Calculate the highest common factor of k and 814.
22
Suppose 11*j = 47 + 19. Let q be (j - (-57)/2) + 1/2. Calculate the highest common divisor of q and 161.
7
Suppose 9*r - 7475 = 301. Suppose 126 + r = 2*c. What is the greatest common divisor of c and 5?
5
Let t = -22 - -25. Suppose -t*i + 7*i - 240 = 0. Let g = i + -43. Calculate the highest common factor of g and 119.
17
Suppose -4*w = -c - 211, 3*c - 8*c + 79 = w. Suppose -w*s + 53*s - 77 = 0. Let z = 117 + s. Calculate the greatest common factor of 100 and z.
20
Let z be (-6)/24 + 1322/8. Let c = -57 - -7. Let v be (48/(-40))/(4/c). What is the greatest common divisor of z and v?
15
Suppose i + 12*c - 15*c = 181, -2*i - 3*c + 380 = 0. Let k = i + -161. Calculate the greatest common divisor of 52 and k.
26
Let l be (-6676)/(-2) + (149 - 155). Calculate the greatest common divisor of l and 1764.
196
Let t = -146 + 144. Let f be 10*(441/t)/(-7). Calculate the highest common divisor of f and 42.
21
Suppose -1740 = -246*w + 241*w. What is the greatest common divisor of 9860 and w?
116
Suppose -239*z - 1596 = -277*z. Calculate the highest common factor of 3766 and z.
14
Let d be -3*-1*25/3. Suppose 0 = 5*a - 0*a - d. Suppose 4456*i - 35089 - 13341 = 40690. Calculate the highest common factor of i and a.
5
Let f(d) = 16*d**2 - 58*d + 17. Let v be f(9). Calculate the greatest common divisor of 21 and v.
7
Let u = 3137 + -2631. What is the highest common factor of 88 and u?
22
Let z = -156 + 168. Suppose 0 = -19*f + z*f + 217. Let n be (-4)/(-6) - (-4175)/15. Calculate the greatest common divisor of n and f.
31
Let k = -7995 - -8111. What is the highest common divisor of k and 7598?
58
Let q(v) be the third derivative of v**4/12 - v**3/3 - 2*v**2 + v. Let z be q(12). Calculate the highest common factor of z and 352.
22
Let a = 220 - 373. Let t = -78 - a. Calculate the greatest common divisor of t and 75.
75
Let r = 10 - -12. Suppose -6*d + 2*d - 65 = -3*g, r = g - d. Let f = 400 + -216. What is the highest common factor of f and g?
23
Let w be ((-12)/10)/(5/2550). Let t = -563 - w. Calculate the highest common divisor of t and 147.
49
Let q be ((-54)/12)/(2/(-20)). Let o = -104 + 254. What is the greatest common divisor of q and o?
15
Let j(v) be the second derivative of 2/3*v**3 + 0 + 13*v + 29*v**2. Let x be j(-13). Calculate the greatest common factor of x and 126.
6
Suppose -42*j + 20*j = -5830. Suppose -5*m - j = -320. What is the highest common factor of 473 and m?
11
Suppose -3010 = 6*v + 4*v. Let r = 466 + v. Calculate the greatest common factor of 75 and r.
15
Let p(l) = 31*l**2 + 84*l - 427. Let d be p(5). Calculate the highest common factor of d and 240.
48
Let z be 2/(-42)*(0 - -3 - 0)*-259. What is the highest common divisor of 6512 and z?
37
Let u be 772/9 - 1/(-18)*4. Suppose 2*o + u - 128 = 0. What is the highest common divisor of 119 and o?
7
Suppose 3*h - 10479 = -3*o, -5346 = -5*o + 5*h + 12169. Calculate the greatest common divisor of o and 44.
22
Let p = 17 - 25. Let y be ((-210)/p)/((35/20)/(-7)). Let h = y - -203. Calculate the greatest common factor of h and 14.
14
Let a = 168 + -166. Suppose -24 = -a*q - 4*q. What is the greatest common factor of 1 and q?
1
Let h be -18 - -17 - -2*93. Let a = -173 + h. What is the greatest common divisor of 15 and a?
3
Let x be (-3 + 1 - -2)/((-2)/2). Suppose x = 2*p + o - 499, 3*p = -0*p + o + 746. Let t = p + -96. What is the greatest common factor of 17 and t?
17
Let q be 60/40*(-1)/((-6)/16). Suppose 2*b = 4, -q*x - 2*b + 179 = -209. Suppose 0*j + x = 3*j. Calculate the highest common divisor of j and 8.
8
Let k(z) = z**3 + 4*z**2 + 8*z + 8. Let s be k(-4). Let i = 26 + s. Suppose 9 = -q + i*q. Calculate the greatest common divisor of 3 and q.
3
Let q(u) = 1 - 3*u + 4*u + 9. Let c be q(11). Let a = c + 2. What is the greatest common divisor of a and 115?
23
Suppose -3*o + 55 = -224. Let i be (-18)/6 - 25/(-5)*32. Let n = i - o. What is the highest common divisor of n and 96?
32
Let z(b) be the first derivative of 3*b**2/2 + 23*b + 381. Let l(c) = 2*c + 1. Let p be l(5). Let o be z(p). Calculate the highest common divisor of o and 14.
14
Suppose -9*o + 59 = 5*m, 5*m - 3*o = 43 + 4. What is the highest common divisor of m and 18470?
10
Suppose 2767*g - 4680 = 2752*g. What is the greatest common divisor of 897 and g?
39
Suppose 0 = -4*s - 20, o = 24*s - 23*s + 289. What is the highest common factor of o and 923?
71
Let b be (-1 - 0)/(11/(-33)). Suppose -b*r + 35 = 5*i, -r + 4*r + i = 43. Calculate the greatest common factor of 255 and r.
15
Let r(b) = 9 - 6*b + 2*b + 11 + 5*b + 2. Let k be r(16). What is the greatest common factor of 342 and k?
38
Let c = -539 - -1280. Suppose 19*v + 0*v = c. Calculate the highest common factor of 169 and v.
13
Suppose 0 = o - 5*y - 52, -79 = -3*o - 3*y + 5. What is the greatest common factor of 8608 and o?
32
Let h(m) = 4*m**2 + 58*m + 119. Let g be h(-27). Calculate the highest common factor of g and 339.
113
Suppose -o = -5*g + 19, 0 = -g + 3*g - 2*o - 14. Suppose -2*z - 6 = -2*c - 2*c, -4*c + 7 = -g*z. Calculate the highest common factor of 2 and c.
1
Let c = -101 - -261. Suppose 3*z - 9 = 0, r - 6*r + 5*z + c = 0. What is the greatest common divisor of 5 and r?
5
Suppose 11*x + 74 = 349. Let b be 95/x + -4*(-1)/(-5). Suppose -3*s - b*v + 92 = s, -s + 36 = 4*v. Calculate the greatest common factor of 5 and s.
5
Let f(d) = -d**3 + 137*d**2 - 23*d + 3372. Let v be f(137). What is the highest common factor of v and 833?
17
Suppose -o + 11 = -91. Let c be (-2)/33 - (-5174)/429. Calculate the greatest common divisor of o and c.
6
Let u be 275*((-720)